and 248.
8
Calculate the highest common divisor of 19 and 1862.
19
Calculate the greatest common factor of 110 and 2090.
110
Calculate the greatest common divisor of 444 and 6.
6
What is the highest common factor of 352 and 18392?
88
What is the greatest common factor of 425 and 34?
17
Calculate the highest common divisor of 1022 and 14.
14
Calculate the highest common factor of 426 and 355.
71
Calculate the greatest common divisor of 1155 and 429.
33
What is the greatest common divisor of 1504 and 1645?
47
Calculate the highest common factor of 5 and 4120.
5
Calculate the greatest common divisor of 3045 and 1421.
203
Calculate the greatest common divisor of 204 and 12.
12
What is the highest common factor of 36407 and 49?
49
Calculate the greatest common divisor of 801 and 1424.
89
What is the greatest common factor of 350 and 140?
70
Calculate the greatest common divisor of 24 and 204.
12
Calculate the greatest common divisor of 448 and 2048.
64
What is the greatest common divisor of 112 and 1512?
56
What is the highest common divisor of 585 and 234?
117
Calculate the greatest common factor of 3528 and 49.
49
What is the highest common divisor of 145 and 203?
29
Calculate the highest common divisor of 48411 and 163.
163
Calculate the highest common factor of 1 and 23.
1
Calculate the highest common factor of 91 and 117.
13
What is the greatest common divisor of 15 and 48?
3
Calculate the highest common divisor of 24675 and 105.
105
What is the highest common divisor of 60 and 1380?
60
What is the greatest common factor of 260 and 60?
20
What is the greatest common factor of 78 and 16419?
39
Calculate the greatest common factor of 620 and 248.
124
Calculate the highest common divisor of 8 and 2972.
4
What is the highest common divisor of 48 and 30?
6
Calculate the highest common factor of 759 and 138.
69
Calculate the greatest common divisor of 12 and 138.
6
Calculate the highest common divisor of 15957 and 297.
27
Calculate the highest common factor of 28040 and 40.
40
Calculate the highest common divisor of 1079 and 13.
13
What is the highest common divisor of 32 and 32?
32
Calculate the highest common divisor of 44 and 7931.
11
What is the highest common divisor of 3444 and 168?
84
Calculate the highest common factor of 7156 and 4.
4
What is the greatest common factor of 768 and 72?
24
What is the greatest common factor of 4695 and 15?
15
What is the highest common factor of 78 and 114?
6
What is the greatest common divisor of 35947 and 206?
103
What is the highest common factor of 424 and 1007?
53
What is the greatest common factor of 476 and 28?
28
Calculate the highest common divisor of 630 and 72.
18
Calculate the greatest common divisor of 2369 and 23.
23
What is the greatest common factor of 3480 and 40?
40
What is the greatest common factor of 114 and 152?
38
What is the highest common divisor of 2346 and 816?
102
What is the greatest common factor of 376 and 47?
47
What is the highest common factor of 648 and 7614?
162
What is the highest common factor of 6252 and 132?
12
What is the highest common divisor of 64 and 13952?
64
What is the highest common factor of 504 and 144?
72
What is the highest common factor of 72 and 2616?
24
Calculate the greatest common divisor of 2911 and 41.
41
Calculate the highest common factor of 29 and 41238.
29
Calculate the greatest common factor of 795 and 212.
53
Calculate the highest common divisor of 11 and 10318.
11
What is the greatest common divisor of 31 and 6541?
31
What is the greatest common factor of 43 and 387?
43
Calculate the greatest common factor of 1340 and 280.
20
Calculate the highest common divisor of 90 and 18.
18
What is the greatest common factor of 207 and 18?
9
Calculate the greatest common factor of 1298 and 295.
59
What is the highest common divisor of 330 and 24?
6
What is the highest common divisor of 119 and 17?
17
Calculate the highest common divisor of 120 and 4344.
24
What is the greatest common divisor of 4 and 36?
4
Calculate the greatest common factor of 2 and 2.
2
What is the highest common factor of 1740 and 45?
15
Calculate the highest common factor of 8 and 43816.
8
What is the greatest common factor of 442 and 26?
26
What is the highest common factor of 722 and 494?
38
Calculate the greatest common divisor of 224 and 35840.
224
Calculate the highest common factor of 96 and 96.
96
What is the greatest common divisor of 272 and 1496?
136
Calculate the greatest common divisor of 4688 and 2637.
293
Calculate the greatest common factor of 398 and 2.
2
What is the greatest common factor of 7 and 413?
7
What is the highest common factor of 96 and 64?
32
Calculate the highest common factor of 9693 and 54.
27
Calculate the highest common divisor of 207 and 46.
23
What is the highest common divisor of 3240 and 40?
40
Calculate the greatest common divisor of 39 and 15.
3
Calculate the greatest common divisor of 9922 and 82.
82
Calculate the highest common factor of 12 and 16.
4
Calculate the highest common factor of 30 and 80.
10
What is the highest common divisor of 1715 and 1330?
35
Calculate the highest common factor of 45 and 55.
5
Calculate the highest common divisor of 27447 and 63.
21
What is the highest common divisor of 528 and 1896?
24
What is the greatest common divisor of 45693 and 18?
9
What is the highest common factor of 4875 and 6375?
375
Calculate the greatest common divisor of 18 and 900.
18
What is the greatest common divisor of 115 and 2185?
115
What is the greatest common divisor of 91 and 39?
13
What is the highest common factor of 1224 and 34?
34
What is the greatest common divisor of 40 and 25580?
20
Calculate the greatest common factor of 16366 and 98.
98
Calculate the greatest common divisor of 46 and 3266.
46
Calculate the highest common factor of 18 and 1842.
6
Calculate the highest common divisor of 144 and 2232.
72
Calculate the highest common factor of 7 and 5579.
7
Calculate the highest common divisor of 320 and 45.
5
What is the highest common divisor of 95 and 2394?
19
What is the greatest common divisor of 135 and 7005?
15
What is the greatest common divisor of 790 and 2528?
158
Calculate the highest common factor of 45 and 185.
5
Calculate the greatest common factor of 20 and 3980.
20
What is the highest common factor of 665 and 70?
35
What is the highest common divisor of 4075 and 25?
25
What is the greatest common divisor of 180 and 60?
60
What is the highest common divisor of 522 and 28449?
261
Calculate the greatest common factor of 110 and 495.
55
Calculate the highest common divisor of 1248 and 221.
13
Calculate the highest common factor of 221 and 34.
17
What is the greatest common factor of 220 and 3410?
110
What is the greatest common factor of 48 and 48?
48
What is the greatest common divisor of 176 and 18?
2
Calculate the greatest common factor of 18 and 432.
18
Calculate the greatest common factor of 215 and 129.
43
Calculate the highest common divisor of 148 and 1924.
148
What is the highest common factor of 20 and 445?
5
What is the highest common divisor of 276 and 1196?
92
Calculate the greatest common factor of 1500 and 12.
12
What is the highest common divisor of 99 and 4917?
33
Calculate the highest common factor of 35055 and 57.
57
What is the highest common divisor of 9 and 11?
1
Calculate the highest common factor of 350 and 5300.
50
What is the greatest common factor of 4 and 292?
4
What is the highest common factor of 2 and 1294?
2
Calculate the highest common divisor of 72 and 54.
18
Calculate the greatest common factor of 7592 and 16.
8
What is the greatest common divisor of 598 and 13?
13
What is the highest common divisor of 1392 and 1218?
174
What is the highest common divisor of 210 and 42?
42
What is the greatest common divisor of 11009 and 101?
101
Calculate the greatest common factor of 21 and 1932.
21
What is the greatest common divisor of 3 and 219?
3
What is the greatest common factor of 1443 and 299?
13
What is the greatest common divisor of 10308 and 48?
12
Calculate the greatest common factor of 8 and 10.
2
Calculate the highest common divisor of 36 and 18.
18
Calculate the greatest common divisor of 96 and 336.
48
What is the highest common divisor of 1372 and 56?
28
Calculate the greatest c